2 + 194199*r + 388406. What is y(-2)?
24
Let x(g) = g**3 - 9*g**2 + 25*g + 1. Calculate x(4).
21
Let n(z) = -51386*z + 462485. What is n(9)?
11
Let l(i) = 1193*i - 102473. What is l(86)?
125
Let d(c) = -c**2 + 104*c + 231355. Calculate d(-432).
-197
Let s(r) = 5*r**2 - 886*r - 5294. Calculate s(183).
13
Let h(u) = -4*u - 624. Give h(97).
-1012
Let a(s) = 17914*s + 107489. Determine a(-6).
5
Let h(z) = -2*z**2 + 137*z - 762. Determine h(5).
-127
Let i(w) = -3246*w + 1471. What is i(1)?
-1775
Let n(d) = 1914*d - 5879. What is n(3)?
-137
Let k(f) = -369*f + 2806. Give k(8).
-146
Let n(l) = l**2 - 103681*l + 311034. Determine n(3).
0
Let i(f) = 2*f**3 + 52*f**2 - 337*f - 23. What is i(-31)?
814
Let k(y) = 2776*y - 2879. What is k(1)?
-103
Let k(t) = -t**3 + 86*t**2 - 77*t - 854. What is k(85)?
-174
Let l(y) = -404*y - 10247. What is l(-25)?
-147
Let g(m) = -6*m**3 + 10*m**2 + 123*m - 444. What is g(3)?
-147
Let q(p) = -2*p**2 - 442*p - 2126. Calculate q(-216).
34
Let w(x) = x**3 + 18*x**2 - 737*x - 12833. Determine w(-17).
-15
Let v(a) = -a**2 + 125937*a - 2014734. Calculate v(16).
2
Let u(l) = 176886*l - 884396. Determine u(5).
34
Let k(u) = 27*u**3 + 245*u**2 + 26*u + 69. Calculate k(-9).
-3
Let q(m) = 46*m - 4115. What is q(89)?
-21
Let r(x) = 2738*x - 503773. What is r(184)?
19
Let m(t) = t**3 + 14*t**2 - 4031*t + 81843. Calculate m(33).
3
Let b(t) = t**3 - 69*t**2 - 1840*t + 5340. Calculate b(89).
0
Let w(o) = 19*o**2 + 931*o - 14. Calculate w(-49).
-14
Let f(u) = -u**2 - 21336*u + 662307. Calculate f(31).
-70
Let q(k) = 23936*k + 47876. Determine q(-2).
4
Let a(k) = -k**3 + 19*k**2 - 39*k + 58. Determine a(15).
373
Let l(d) = -2*d**3 - 384*d**2 - 1119*d + 2839. Give l(-189).
4
Let a(o) = -983*o - 55041. Determine a(-56).
7
Let i(p) = p**3 - 30*p**2 - 65*p - 415. Give i(30).
-2365
Let k(b) = -7*b**2 - 626*b - 9535. Determine k(-70).
-15
Let n(d) = -d**3 - 20*d**2 - 243*d - 5605. What is n(-21)?
-61
Let l(c) = 3125*c - 1412554. Give l(452).
-54
Let w(p) = -p**3 + 77*p**2 - 360*p - 1662. Determine w(71).
3024
Let g(x) = 10*x**2 - 2961*x + 20199. Give g(7).
-38
Let h(t) = -231*t - 7247. Give h(-33).
376
Let g(l) = 356*l**2 + 5672*l - 330. What is g(-16)?
54
Let z(x) = x**3 - 6*x**2 + 174*x + 592. What is z(-3)?
-11
Let x(q) = 82531*q - 42090814. Determine x(510).
-4
Let w(x) = -41*x**3 + 11*x**2 + 91*x + 270. What is w(-3)?
1203
Let m(y) = -350767*y - 350768. Calculate m(-1).
-1
Let m(q) = -841344*q + 5889403. Calculate m(7).
-5
Let z(c) = c**3 + 14*c**2 - 226*c + 554. What is z(6)?
-82
Let i(y) = -y**3 + 267*y**2 - 4931*y - 2241. What is i(247)?
-18
Let g(c) = c**3 - 27*c**2 + 23*c + 1185. Calculate g(24).
9
Let h(p) = 2*p**3 - 353*p**2 + 523*p + 360. Calculate h(175).
10
Let w(k) = 560*k**2 + 84*k - 271. What is w(3)?
5021
Let u(j) = -965356*j + 14480346. Give u(15).
6
Let b(v) = 41660*v - 4415953. Calculate b(106).
7
Let x(v) = v**2 - 299*v - 5180. What is x(-16)?
-140
Let j(t) = -1784*t + 23599. Calculate j(13).
407
Let p(r) = -2*r**2 - 78*r - 511. Calculate p(-8).
-15
Let z(g) = -563*g - 156635. What is z(-278)?
-121
Let p(d) = -2*d**3 - 42*d**2 + 14053*d - 782. Determine p(-95).
-117
Let t(y) = 15*y**2 + 1731*y - 4601. Calculate t(-118).
1
Let f(l) = 2298*l - 15976. What is f(8)?
2408
Let q(j) = -2409*j + 79532. Calculate q(33).
35
Let m(h) = h**3 + 15*h - 764. Determine m(0).
-764
Let r(h) = -h**3 - 8*h**2 + 4*h + 120. Calculate r(-7).
43
Let o(c) = -20488*c - 286848. Give o(-14).
-16
Let k(l) = -36631*l + 36615. What is k(1)?
-16
Let c(p) = -12*p**3 + 810*p**2 + 374*p + 1853. Determine c(68).
-459
Let l(j) = -j**3 + 15*j**2 + 4084*j - 61390. What is l(15)?
-130
Let w(f) = -2*f**3 + 72*f**2 + 322*f - 6460. Give w(38).
0
Let m(x) = -182*x + 99748. Determine m(548).
12
Let i(q) = -3*q**2 - 77*q - 5. Determine i(-4).
255
Let l(o) = 6335*o - 487609. Calculate l(77).
186
Let c(y) = y**3 - 12*y**2 - 1101*y + 6722. Calculate c(6).
-100
Let f(t) = -1557*t + 34183. Give f(22).
-71
Let r(m) = -m**3 + 51*m**2 + 3357*m - 944. Give r(-38).
6
Let w(t) = 313047*t - 7200092. Calculate w(23).
-11
Let h(m) = -42373*m - 14491577. What is h(-342)?
-11
Let g(w) = -w**3 + 635*w**2 - 51313*w - 138. Give g(95).
-1373
Let s(a) = 11*a**3 + 56*a**2 - 77*a - 435. Determine s(-5).
-25
Let y(v) = -3235*v**2 - 587*v + 594. Determine y(1).
-3228
Let t(v) = -1825*v**2 - 80330*v - 1323. What is t(-44)?
-3
Let b(l) = 1959*l**2 + 1309*l + 1308. Give b(-1).
1958
Let y(k) = k**3 + 16*k**2 - 16*k - 723. Determine y(-12).
45
Let q(i) = -22642*i - 11434197. Give q(-505).
13
Let q(g) = g**3 - 9*g**2 + 296*g + 1377. Determine q(-4).
-15
Let c(a) = 2*a**3 - 65*a**2 + 22*a + 2276. Give c(31).
75
Let w(x) = 2550*x**3 + 10200*x**2 + 10*x + 37. Calculate w(-4).
-3
Let i(s) = s**2 + 592*s + 11241. Determine i(-19).
354
Let y(p) = 3*p**3 - 14*p**2 - 17*p - 530. What is y(11)?
1582
Let g(a) = 3*a**2 + 43*a + 230. What is g(-10)?
100
Let r(n) = 13*n**2 + 410*n + 1102. Determine r(-7).
-1131
Let o(i) = -12273*i - 101290. What is o(-8)?
-3106
Let b(f) = f**3 + 19*f**2 - 3*f + 444. What is b(-22)?
-942
Let i(j) = 42*j - 2961. Determine i(78).
315
Let v(u) = 2729*u - 491195. Calculate v(180).
25
Let c(t) = 1448*t**2 + 3832*t + 3834. Calculate c(-1).
1450
Let j(o) = -176016*o - 1936180. What is j(-11)?
-4
Let g(o) = -o**3 + 6*o**2 - 207*o + 610. Determine g(3).
16
Let p(v) = -2*v**3 - 229*v**2 + 118*v + 313. Give p(-115).
-32
Let v(k) = 47*k**2 - 475*k - 21. Give v(10).
-71
Let n(j) = 130073*j + 520338. What is n(-4)?
46
Let h(d) = -11*d**3 + 1511*d**2 + 2503*d - 139. Determine h(139).
0
Let w(h) = 154*h + 334. Give w(-3).
-128
Let l(h) = h**3 + 67*h**2 + 105*h - 1008. What is l(-65)?
617
Let p(o) = 105855*o + 952695. What is p(-9)?
0
Let b(y) = -52*y**2 + 1794*y - 5657. Calculate b(31).
-15
Let y(f) = 69232*f + 69236. Give y(-1).
4
Let a(w) = w**3 - 29*w**2 - 537*w + 15598. What is a(29)?
25
Let y(v) = -v**2 + 1370*v - 70839. Calculate y(54).
225
Let x(v) = -2*v + 656. Calculate x(51).
554
Let p(x) = -x**3 - 93*x**2 + 632*x + 50527. Give p(-94).
-45
Let v(j) = j**3 - 20*j**2 - 350*j + 2591. Calculate v(29).
10
Let a(i) = -i**3 + 67*i**2 + 6642*i - 13084. What is a(121)?
-16
Let m(k) = -144*k - 16067. Give m(-114).
349
Let y(x) = -131*x**2 + 2*x + 548. Determine y(-2).
20
Let g(h) = -289*h - 12518. Calculate g(-45).
487
Let k(p) = -p**3 - 17*p**2 + 352*p - 34. Give k(12).
14
Let o(r) = -391*r**2 - 3539*r - 198. Determine o(-9).
-18
Let s(p) = -32864*p + 3220670. Give s(98).
-2
Let f(i) = 403*i**3 + 2*i**2 + 105*i + 103. Calculate f(-1).
-403
Let d(g) = -g**2 + 2242*g + 22572. What is d(-10)?
52
Let a(y) = -10992*y + 428696. What is a(39)?
8
Let z(t) = -t**2 - 43*t + 14902. What is z(-158)?
-3268
Let n(k) = 910*k + 177454. Determine n(-195).
4
Let y(f) = -5*f**2 - 49970*f + 49970. Calculate y(1).
-5
Let j(q) = 6*q**2 + 1749*q + 120830. Determine j(-179).
5
Let n(q) = -2*q**2 + 8394*q - 108790. Determine n(13).
-6
Let i(f) = f**3 - 3*f**2 + f + 30. Calculate i(5).
85
Let k(j) = 63*j**3 + 294*j**2 - 2184*j - 2. Determine k(4).
-2
Let w(b) = b**2 - 6419*b + 1279799. What is w(206)?
-79
Let l(t) = 18*t**2 - 2472*t - 1499. Calculate l(138).
157
Let q(y) = -3597*y + 122306. Give q(34).
8
Let q(b) = -22*b**3 - 156*b**2 + 7*b + 91. Give q(-7).
-56
Let q(z) = -3425*z - 194875. Give q(-57).
350
Let b(c) = 412*c - 37. Calculate b(1).
375
Let g(t) = -107*t**2 - 2295*t - 11991. What is g(-9)?
-3
Let g(d) = 2*d**3 - 16*d**2 - 412*d + 3295. Calculate g(8).
-1
Let h(g) = -6703*g + 53627. What is h(8)?
3
Let w(g) = 6*g**3 - 71*g**2 + 47*g - 82. Determine w(11).
-170
Let s(m) = -m**2 - 20*m + 45992. Give s(206).
-564
Let w(r) = -4*r**3 + 186*r**2 - 275*r - 26. What is w(45)?
-251
Let x(p) = -847*p - 129959. Calculate x(-154).
479
Let o(u) = -1175*u + 9261. What is o(8)?
-139
Let l(v) = -1820*v - 154696. Give l(-85).
4
Let o(h) = -32*h**2 - 2622*h + 10648. What is o(4)?
-352
Let u(n) = 162*n + 13034. Calculate u(-78).
398
Let v(a) = -a**2 + 15798*a + 10982164. Determine v(-667).
9
Let n(u) = -826*u - 33312. Calculate n(-39).
-1098
Let m(z) = -743978*z + 52078454. Calculate m(70).
-6
Let c(u) = 311*u + 16135. What is c(-49)?
896
Let f(a) = 2*a**3 + 31*a**2 + 1459*a + 23564. Determine f(-16).
-36
Let a(i) = 30*